
0
Let i = -2328 + 4106. What is the hundreds digit of i?
7
Suppose -6*m - 4*z - 796 = -3*m, 0 = 3*m + 5*z + 797. What is the tens digit of ((-4)/(-3))/((-16)/m)?
2
Suppose 0 = -l + 2*l. Suppose 0 = -p + 3, j - 45 = -l*p + p. What is the tens digit of j?
4
Suppose 3132 = 18*k - 648. What is the tens digit of k?
1
Let q = -17 - -14. What is the units digit of (-2)/q*(-135)/(-6)?
5
Let c(y) be the third derivative of -y**6/120 + 7*y**5/60 - y**4/4 - y**3/3 + 2*y**2. Let l be c(5). What is the units digit of 38/6 - l/(-27)?
7
Let a = -10 - -14. Suppose -3*q + 315 = -a*g, 0*q + 2*q = g + 205. What is the tens digit of q?
0
Suppose -1624 = -p - 7*p. What is the tens digit of p?
0
Let i(p) = 2*p**2 - p + 910. Let a be i(0). Suppose -6*y - 28 = -a. What is the tens digit of y?
4
Suppose 0 = -2*z - 2*h + 1502, 3*z - 2980 = -z + 4*h. What is the tens digit of z?
4
Let w = -73 + 80. What is the tens digit of 250 + w - 6/9*3?
5
Suppose 5*q - 2*g + 905 - 315 = 0, -4*g + 136 = -q. Let j = 31 - q. What is the units digit of j?
7
Let f be (-6 - -7) + -1 + 5. Let y = f - 0. Suppose 10 = r - 0*v - v, 0 = -y*r - 4*v + 77. What is the tens digit of r?
1
Let v(j) = j + 6. Let f be v(-4). Suppose f = -5*y + 3*w, 2*y = 3*w + 1 - 9. Suppose 2*b + 4*h + 16 = 76, y*h = -8. What is the tens digit of b?
3
Suppose -2*v - 3*f = -481 + 120, 0 = -3*v + f + 536. Suppose -5*s - 220 = -5*c, v = 4*c - 2*s - s. What is the tens digit of c?
4
Suppose -3*f = 15, 0 = h - 3*h - 3*f + 5. What is the units digit of (95/h + 1)*20/6?
5
Suppose -5*i + 4*n = 8*n - 1721, -5*n + 1030 = 3*i. What is the tens digit of i?
4
Suppose d - 294 = 4*o, -5*d - 2*o - 693 + 2075 = 0. Let t = 393 - d. What is the units digit of t?
5
Let u be 0/(-2 - -6 - 3). Suppose u = -0*q - 2*q + 90. What is the tens digit of q?
4
Let r(z) = -33*z - 160. What is the hundreds digit of r(-31)?
8
Let p(i) = -46*i - 232. What is the thousands digit of p(-40)?
1
Suppose 7*s - 734 = 2052. What is the units digit of s?
8
Suppose -u + 5*g = -38, -g - 2*g = -u + 30. Let l be (u/8)/(12/(-128)). Let s = l + 35. What is the units digit of s?
1
Let a(q) = 7*q**2 - 20*q + 5. Let m(u) = 6*u**2 - 19*u + 6. Let s(t) = -4*a(t) + 5*m(t). What is the units digit of s(9)?
7
Let j = -109 - -118. Suppose -l + j*l - 64 = 0. What is the units digit of l?
8
Let w(a) = 7*a**2 - 31*a + 29. What is the tens digit of w(24)?
1
Suppose -g = -1143 + 1037. What is the hundreds digit of g?
1
Let k(j) = 2*j**2 - j. Let a(l) = 3*l**2 - 3*l - 3. Let q be a(3). Let u = 18 - q. What is the tens digit of k(u)?
1
Suppose -2*b = -30 - 76. Let u = b + -23. What is the units digit of u?
0
Let z = -472 + 597. What is the tens digit of z?
2
Let x(q) be the first derivative of 2*q**2 + 3*q + 1. Let v be (-15)/20 - (-189)/28. What is the units digit of x(v)?
7
Suppose -3*y - 6447 = -5*x, 2*y - 5533 = -5*x + 894. What is the units digit of x?
7
Let f(h) = 3*h + 76. What is the hundreds digit of f(11)?
1
Let w = 3 - -8. Suppose x = 2*c + w, c = 4*x - 1 - 15. Suppose y = -m - x*m + 12, 8 = -2*y. What is the units digit of m?
4
Let i be (24/16)/(3/(-42)). What is the tens digit of (-6)/i + (-2 - 519/(-21))?
2
What is the hundreds digit of (112/14)/((-33)/(-32) - 1)?
2
Suppose 206*o - 196*o - 650 = 0. What is the units digit of o?
5
Suppose -7*q = -4*q - 117. Suppose 3*b = -3*h + q, -3*b + h = -2*h - 21. Let p = b - -20. What is the units digit of p?
0
Suppose 7*t + 2345 - 6965 = 0. What is the units digit of t?
0
Let f(j) = 11*j + 4. Let w = 12 - 6. Let d be f(w). Suppose 4*m - 54 - d = 0. What is the units digit of m?
1
Let t be (-17 + -1)/(2 + (-755)/370). Let n = -210 + t. What is the hundreds digit of n?
2
What is the hundreds digit of 472 - (6/(-9))/(1/(-3))?
4
Suppose 0 = -y - 3*a + 332 + 21, -1737 = -5*y - a. What is the units digit of y?
7
Let p = 367 + -159. What is the hundreds digit of p?
2
Let n(b) = -b**2 - b + 1. Let f be n(-1). Let m be (6/9 - f)*0. Suppose m = 3*w - 86 - 76. What is the units digit of w?
4
Suppose -25*j + 26*j + 5*m = 4747, 4*j - 2*m = 19054. What is the units digit of j?
2
Let y = -1637 + 2310. What is the tens digit of y?
7
Let h = -33 + 33. Let r = h + 14. What is the units digit of r?
4
What is the tens digit of -244*1/12*-33?
7
Let n(a) = -9*a + 2*a + 27*a**2 - 3*a - 25*a**2 + 12. What is the units digit of n(10)?
2
Suppose -5*a - 2*n - 104 = 0, 26 - 117 = 4*a - n. What is the units digit of (-1)/2*0/7 - a?
2
Let u(k) = k - 20. Let i(d) = d. Let a(g) = i(g) + u(g). Let t be a(9). Let w(p) = 13*p**2 + p - 1. What is the units digit of w(t)?
9
Suppose -4*i + 22 = -18. What is the tens digit of ((-190)/(-4))/(5/i)?
9
Suppose 44*g + 4*g = 89232. What is the tens digit of g?
5
What is the hundreds digit of 5967/(-18)*(0 - -2 - 8)?
9
Suppose -2*l = -81 + 33. Suppose o + l = -o. What is the units digit of (-4)/o - (-76)/6?
3
Suppose x - 2*x + 21 = 5*v, -4*x + 4*v - 36 = 0. What is the units digit of x/(-18) + (-770)/(-99)?
8
What is the units digit of 528/99*102/4?
6
Let m(p) = -67*p + 23. Let a(h) = 33*h - 12. Let k(i) = 5*a(i) + 2*m(i). Let t be k(7). Suppose 4*c = -3*c + t. What is the units digit of c?
9
Let l(z) = 15*z + 40. What is the tens digit of l(25)?
1
Suppose -4*o = 2*t - 146, -3*o - 189 = -2*t - 15. Let l be (-174)/58*-2*2/(-6). What is the units digit of 1 + l - t/(-3)?
6
Let a(b) = -16*b + 79. What is the tens digit of a(4)?
1
Let t = -28 - -32. Suppose 245 = q + 2*q + t*l, 3*l - 240 = -3*q. What is the units digit of q?
5
Suppose -94 = 3*g + 275. Let d = -67 - g. Suppose -d = -4*j + 24. What is the tens digit of j?
2
Let p(m) = -m**3 + m**2 + 11*m + 30. What is the tens digit of p(-4)?
6
Suppose -118 = -5*c - 3*g - g, -c = 3*g - 28. Suppose -3*u - 74 = c. What is the units digit of 15/2*u/(-10)?
4
Let g(x) = -11*x**3 + 3*x**2 - 2*x - 10. What is the hundreds digit of g(-4)?
7
Suppose 0 = -7*v + 18 + 10. Let w be 2/(354/(-87) + v). Let z = w - -59. What is the units digit of z?
0
Suppose -2*t = 3*t - 4*u - 18, -t + 21 = 5*u. Let q = -13 + t. What is the units digit of 172/14 + 2/q?
2
Suppose 0 = d + 4*o - 999, 3*d = 5*d - 2*o - 2018. What is the units digit of d?
7
Let k(d) be the second derivative of -1/20*d**5 + 7/12*d**4 + 0 + 0*d**2 - 8*d + 7/6*d**3. What is the units digit of k(7)?
9
Suppose -6*o = 2*o - 3*o. Let c be -2 - (-1 + -14) - 1. What is the units digit of c/4 - (o - 38)?
1
Let y = -130 - -134. Suppose -5*k + 35 = -y*k - 5*p, p = 5*k - 79. What is the units digit of k?
5
Let w(a) = a**3 + 12*a**2 + 16*a + 14. Let g be w(-11). Let p = g + 111. What is the units digit of p?
0
Suppose 2*d - j = 1066, -3*d + 5*j = -1456 - 150. Suppose 663 = 5*c - d. Suppose -4*u = v - c, -7 + 1 = -2*v. What is the units digit of u?
9
Suppose 4*d = -22 - 18. Let v(i) = -i**2 + 8 - 10*i + 3 + 0*i**2. What is the units digit of v(d)?
1
Let j be (-4)/(-14) + 145/7. Let s = 13 - j. Let c = 9 + s. What is the units digit of c?
1
Suppose -2*x - 37 = 2*d + x, 0 = 3*d + 4*x + 53. Let u(v) = v**2 + 4*v - 25. What is the units digit of u(d)?
2
Suppose -18 = -4*q - 6. Let l be (-2 - (-13)/6) + (-55)/(-30). Suppose q*f + l*f = 250. What is the tens digit of f?
5
Let f = -63 + 69. Let y(c) = -3*c**2 + 8*c + 7 + 2*c**2 - 3. What is the tens digit of y(f)?
1
Let q(b) = b + 38. What is the units digit of q(-19)?
9
Let v = 0 - -4. Let g be 3 - (-6)/v*-2. Let h(i) = -i**2 + 1. What is the units digit of h(g)?
1
Suppose 18*t - 30*t = -8340. What is the units digit of t?
5
Suppose 4*v = 2*t - 46, 3*t - 6*v = -2*v + 79. Let q = t - 21. Suppose 3*g - q = 21. What is the units digit of g?
1
Let s = 38 - 79. Let k = 66 + s. What is the tens digit of k?
2
Suppose 3*p + 78 = -3*x, 92 = -5*x + 2*x + 4*p. What is the units digit of x*5/20*-10?
0
Let y = 800 - 351. What is the tens digit of y?
4
Suppose 51*v - 7662 = 86892. What is the units digit of v?
4
Let i = -17 - -113. Let m = 89 - 133. Let g = i + m. What is the units digit of g?
2
Let h = 4129 + -1783. What is the hundreds digit of h?
3
Let f be 6 - -184 - (3 + 0). Suppose 5*x - 188 - f = 0. What is the units digit of x?
5
Suppose 3*i - h = 3*h - 190, -129 = 2*i - 5*h. What is the units digit of -1*1*(-11 + i)?
3
Let d(k) = 4*k + 19. Suppose 0 = n - 6 + 17. Let q be n/(-3 + 2) - 3. What is the te